ivided by 327.
239
Calculate the remainder when 353543 is divided by 10712.
47
Calculate the remainder when 7036 is divided by 2147.
595
Calculate the remainder when 748 is divided by 18.
10
Calculate the remainder when 164219 is divided by 213.
209
Calculate the remainder when 96528 is divided by 137.
80
What is the remainder when 68895 is divided by 43?
9
Calculate the remainder when 2522 is divided by 33.
14
Calculate the remainder when 3873 is divided by 247.
168
What is the remainder when 6768 is divided by 6458?
310
Calculate the remainder when 543 is divided by 139.
126
Calculate the remainder when 235218 is divided by 1417.
1413
Calculate the remainder when 17178 is divided by 43.
21
Calculate the remainder when 29026 is divided by 5759.
231
What is the remainder when 3140 is divided by 1430?
280
What is the remainder when 4996 is divided by 4972?
24
Calculate the remainder when 99123 is divided by 25.
23
What is the remainder when 29114 is divided by 29089?
25
Calculate the remainder when 1919471 is divided by 762.
755
What is the remainder when 37705 is divided by 360?
265
What is the remainder when 22433 is divided by 4421?
328
What is the remainder when 8653 is divided by 576?
13
What is the remainder when 7375 is divided by 125?
0
What is the remainder when 8932 is divided by 34?
24
What is the remainder when 543 is divided by 184?
175
What is the remainder when 49767 is divided by 742?
53
What is the remainder when 135708 is divided by 41?
39
What is the remainder when 3834 is divided by 18?
0
What is the remainder when 894 is divided by 97?
21
Calculate the remainder when 5514 is divided by 42.
12
What is the remainder when 266922 is divided by 75?
72
Calculate the remainder when 9346 is divided by 9345.
1
Calculate the remainder when 9327 is divided by 191.
159
Calculate the remainder when 404 is divided by 4.
0
Calculate the remainder when 201031 is divided by 28710.
61
What is the remainder when 24764 is divided by 990?
14
Calculate the remainder when 1192 is divided by 392.
16
Calculate the remainder when 117593 is divided by 117586.
7
What is the remainder when 7263 is divided by 926?
781
Calculate the remainder when 4947 is divided by 701.
40
Calculate the remainder when 3698 is divided by 514.
100
Calculate the remainder when 32957 is divided by 6583.
42
Calculate the remainder when 1864 is divided by 154.
16
Calculate the remainder when 12143 is divided by 607.
3
What is the remainder when 28766 is divided by 157?
35
Calculate the remainder when 322841 is divided by 47.
45
What is the remainder when 6303 is divided by 49?
31
Calculate the remainder when 9621 is divided by 796.
69
What is the remainder when 316852 is divided by 208?
68
What is the remainder when 182908 is divided by 14?
12
Calculate the remainder when 513822 is divided by 195.
192
What is the remainder when 65632 is divided by 21789?
265
Calculate the remainder when 37838 is divided by 3428.
130
What is the remainder when 12604 is divided by 332?
320
What is the remainder when 346 is divided by 116?
114
What is the remainder when 13257 is divided by 15?
12
What is the remainder when 160717 is divided by 56?
53
Calculate the remainder when 130373 is divided by 492.
485
What is the remainder when 1405011 is divided by 743?
741
Calculate the remainder when 111882 is divided by 193.
135
What is the remainder when 8429 is divided by 40?
29
What is the remainder when 191612 is divided by 21?
8
Calculate the remainder when 3781 is divided by 704.
261
What is the remainder when 519018 is divided by 1462?
8
Calculate the remainder when 1478388 is divided by 87.
84
What is the remainder when 548714 is divided by 699?
698
Calculate the remainder when 16795 is divided by 45.
10
What is the remainder when 91368 is divided by 15192?
216
Calculate the remainder when 1687 is divided by 406.
63
Calculate the remainder when 13320 is divided by 2216.
24
What is the remainder when 37718 is divided by 99?
98
Calculate the remainder when 204455 is divided by 1136.
1111
What is the remainder when 3534 is divided by 847?
146
What is the remainder when 2606 is divided by 5?
1
What is the remainder when 3775 is divided by 607?
133
Calculate the remainder when 615282 is divided by 13091.
5
Calculate the remainder when 51060 is divided by 224.
212
What is the remainder when 1320857 is divided by 440284?
5
Calculate the remainder when 8062 is divided by 21.
19
Calculate the remainder when 21656 is divided by 12.
8
What is the remainder when 766960 is divided by 11447?
11
Calculate the remainder when 4206 is divided by 3937.
269
Calculate the remainder when 11184 is divided by 1307.
728
What is the remainder when 77193 is divided by 15431?
38
What is the remainder when 2454407 is divided by 594?
593
What is the remainder when 621178 is divided by 68?
66
What is the remainder when 6249 is divided by 1243?
34
Calculate the remainder when 1943 is divided by 46.
11
What is the remainder when 247916 is divided by 1305?
1271
What is the remainder when 1878 is divided by 12?
6
Calculate the remainder when 3229210 is divided by 222.
220
What is the remainder when 11410 is divided by 3730?
220
Calculate the remainder when 87680 is divided by 43809.
62
What is the remainder when 4740 is divided by 528?
516
Calculate the remainder when 7000 is divided by 42.
28
What is the remainder when 11105 is divided by 854?
3
What is the remainder when 32574 is divided by 6?
0
Calculate the remainder when 577 is divided by 7.
3
What is the remainder when 450333 is divided by 112577?
25
Calculate the remainder when 4929 is divided by 1898.
1133
Calculate the remainder when 1543 is divided by 32.
7
What is the remainder when 35473 is divided by 8863?
21
Calculate the remainder when 4677 is divided by 80.
37
What is the remainder when 216055 is divided by 54002?
47
What is the remainder when 44047 is divided by 2590?
17
What is the remainder when 2441 is divided by 1210?
21
Calculate the remainder when 1541 is divided by 221.
215
Calculate the remainder when 35548 is divided by 404.
400
What is the remainder when 51493 is divided by 2860?
13
Calculate the remainder when 760400 is divided by 760394.
6
What is the remainder when 2290 is divided by 528?
178
What is the remainder when 756 is divided by 181?
32
What is the remainder when 4722 is divided by 61?
25
Calculate the remainder when 100603 is divided by 12.
7
What is the remainder when 17992 is divided by 49?
9
Calculate the remainder when 354 is divided by 113.
15
What is the remainder when 64370 is divided by 44?
42
Calculate the remainder when 34854 is divided by 6953.
89
What is the remainder when 9127 is divided by 43?
11
What is the remainder when 1904 is divided by 25?
4
What is the remainder when 10953 is divided by 1824?
9
What is the remainder when 21286 is divided by 10626?
34
What is the remainder when 1602 is divided by 525?
27
Calculate the remainder when 1678 is divided by 1654.
24
What is the remainder when 14093 is divided by 743?
719
Calculate the remainder when 79258 is divided by 19813.
6
What is the remainder when 195 is divided by 101?
94
Calculate the remainder when 35191 is divided by 11728.
7
What is the remainder when 42598 is divided by 142?
140
What is the remainder when 1255 is divided by 183?
157
What is the remainder when 200198 is divided by 26?
24
What is the remainder when 28298 is divided by 1180?
1158
What is the remainder when 2061618 is divided by 10?
8
What is the remainder when 4585 is divided by 255?
250
What is the remainder when 27202 is divided by 136?
2
Calculate the remainder when 5946 is divided by 541.
536
What is the remainder when 481620 is divided by 421?
417
Calculate the remainder when 7237 is divided by 482.
7
What is the remainder when 11407 is divided by 2226?
277
Calculate the remainder when 2218 is divided by 686.
160
What is the remainder when 267968 is divided by 370?
88
Calculate the remainder when 1667 is divided by 639.
389
What is the remainder when 861 is divided by 290?
281
What is the remainder when 634899 is divided by 35?
34
What is the remainder when 25681 is divided by 8528?
97
What is the remainder when 17367 is divided by 5606?
549
What is the remainder when 43575 is divided by 3